 + 13 = -r. Let n = 99 + -48. What is the remainder when n is divided by y?
15
Let g(o) = -4*o**3 + o**2 + 1. Calculate the remainder when 1826/10 + (-3)/5 is divided by g(-2).
34
Suppose 0 = 6*a + 84 - 690. Suppose -q + 4*d - d + 9 = 0, 0 = 5*q - d - a. Calculate the remainder when 82 is divided by q.
19
Let l(m) = -48*m + 22. Let p be l(-4). Suppose p - 30 = 8*x. What is the remainder when x is divided by 5?
3
Suppose 5*k - g = 750, 2*k - 185 = -2*g + 127. Calculate the remainder when k is divided by 9.
7
Let i(u) = -u**2 - 36*u - 237. What is the remainder when 136/(-3)*(-3)/2 is divided by i(-26)?
22
Let o be 0/(-1)*(-1)/(-2). Suppose -11 + o = r. Let h = 24 - r. What is the remainder when h is divided by 19?
16
Let v(m) = m**2 - m - 2. Let x be v(-1). Let a be 0/(6/(2 + x)). Suppose a = -16*z + 17*z - 71. What is the remainder when z is divided by 24?
23
Suppose 0 = -7*r + 2 + 19. Suppose -11 = -3*y + 4*a + 13, 4*y - 7 = -r*a. What is the remainder when 5 is divided by y?
1
What is the remainder when (570/380)/(6/208) is divided by 10?
2
Suppose 3*z - z - 22 = 0. Let r(d) be the third derivative of -d**6/120 + 3*d**5/20 - 3*d**4/8 + d**3 + 4*d**2. What is the remainder when r(7) is divided by z?
8
Let x(i) = 2*i**2 - i + 3. Let k be (-6)/5*40/(-6). Suppose -191 = -3*l - k. Calculate the remainder when l is divided by x(4).
30
Let k = -7 - -9. Suppose -a + 73 = -0*q + 2*q, q - k*a = 29. Let h = q - -6. What is the remainder when h is divided by 11?
8
Let i = 26 + -18. Suppose -24 = -4*x - 4*p, 5*x - 2*x - 14 = -2*p. What is the remainder when i is divided by 78/18 - x/(-3)?
3
Calculate the remainder when 438/8 - 20/(-16) is divided by (-2 - -3)/((-1)/(-20)).
16
Let m be 6/4*308/(-42)*-9. Let t = 165 - m. Let p(u) = -7*u + 2. What is the remainder when t is divided by p(-3)?
20
Suppose -5*o + 145 = 70. What is the remainder when 119 is divided by o?
14
Let t(r) = 8*r + 12. Let x be t(-2). What is the remainder when 47 is divided by -2 + -2 + 80/4 + x?
11
Let i(j) = j**3 + 19*j**2 + 42*j + 7. Calculate the remainder when i(-6) is divided by 38.
33
Suppose 632*k + 1491 = 639*k. Suppose 4*f = -f + 120. Calculate the remainder when k is divided by f.
21
Let g(s) = s**3 - 10*s**2 - 9*s + 19. What is the remainder when 136 is divided by g(11)?
13
Let p(c) = -2*c - 2. Let q be p(-2). Calculate the remainder when (0 - 1) + q - -2 is divided by 1.
0
Suppose 231 = 26*k - 185. Calculate the remainder when 78 is divided by k.
14
Suppose -2*q - 175 = -4*f + 293, 4*f - 464 = 3*q. What is the remainder when f is divided by 25?
19
Let l = -233 - -316. What is the remainder when l is divided by 5?
3
Suppose -3*i = 0, a - 10 = i + 9. Let c(k) = -26*k - 9. Let j be c(-7). Let g = j - 99. Calculate the remainder when g is divided by a.
17
Let a(s) = 5*s**3 + 40*s**2 - 6*s - 34. What is the remainder when 95 is divided by a(-8)?
11
Suppose 10*i = 6*i + 12. Let a(m) = -4*m - 4. What is the remainder when 1/i + (-34)/(-6) is divided by a(-2)?
2
Let b(g) = -g**3 + g - 33. Let f be b(0). Suppose -48*w + 60*w + 228 = 0. Let q = w - f. Calculate the remainder when 26 is divided by q.
12
Suppose 3 = -3*t + 3*k, 2 = -5*k + 7. Calculate the remainder when 70 is divided by (-14)/(-21)*(36 + t).
22
Let a(x) = x - 6. Let n be a(9). Suppose 5*m + 481 = 8*l - 4*l, -5*m + 317 = n*l. What is the remainder when l is divided by 39?
36
Let i = 358 + -325. What is the remainder when i is divided by 19?
14
Let c = -101 + 109. Suppose c*k + 99 = 9*k. Calculate the remainder when k is divided by 6.
3
Let f be ((-24)/7)/(32/(-112)). Suppose -i + 0*i = -h + f, -h + 2*i + 14 = 0. What is the remainder when h is divided by 5?
0
Suppose 10*z = 5*z + 25. Suppose -z*f + 304 = -131. Suppose 506 = 23*c - 0*c. Calculate the remainder when f is divided by c.
21
Suppose -9*p - 4*v = -6*p - 5482, -2*v - 7302 = -4*p. What is the remainder when p is divided by 29?
28
What is the remainder when 57/95 - 5742/(-30) is divided by 90?
12
Suppose 4*d = -9*d + 143. What is the remainder when 84 is divided by d?
7
Suppose 0 = -0*z + 4*z - 8, -3*z = -5*k + 169. Suppose -2*t + 4*t - m = -80, 0 = 2*m + 8. Let b = 52 + t. What is the remainder when k is divided by b?
5
Let s(j) = j**3 - 4*j**2 + 5*j + 9. Let g be ((-19)/4)/((-2)/8). Suppose -4*k = 4*z - 56, 0*z + g = z - 4*k. Calculate the remainder when s(5) is divided by z.
14
Let p(y) = 7*y + 3 - 8*y + 8. Let j be p(8). Suppose -j*f + 66 = -63. Calculate the remainder when f is divided by 23.
20
Suppose -3*n - 158 = -5*n - 5*k, 5*n - 395 = k. What is the remainder when 395 is divided by n?
0
Let k be ((-2)/(-4))/((-8)/384). Let i = k - -27. Let b(v) = -v**3 + 5*v**2 - 2*v + 2. Calculate the remainder when b(4) is divided by i.
1
Let w = 34 + -29. Suppose -k = 3*o - 5*k - 92, 0 = 4*o + w*k - 71. Calculate the remainder when 112 is divided by o.
16
Let b(v) = 13*v + 120. What is the remainder when b(13) is divided by 10?
9
Suppose -4*l - t + 1073 = 0, 3*l - 4*t - 723 = 77. Suppose -5*i + 135 = 4*r, 3*i - 5*r - 108 = -i. What is the remainder when l is divided by i?
25
Let c(n) = n**2 + 3*n - 23. What is the remainder when 41 is divided by c(4)?
1
Let p = 540 - 256. What is the remainder when p is divided by 11?
9
Let i = -42 - -40. Let q(g) = 4*g**2 + 4*g + 5. Calculate the remainder when (24/5)/(3/15) is divided by q(i).
11
Let g(x) = -3*x - 20. Let u be g(-8). Suppose -4*w + p + 79 = 0, 5*w = p - u*p + 103. What is the remainder when 35 is divided by w?
15
Let t = 27 - 10. Let z = -14 + t. Calculate the remainder when 31 is divided by ((-272)/24)/((-2)/z).
14
Let x(c) = 2*c**2 + 5*c - 9. What is the remainder when 153 is divided by x(-8)?
74
What is the remainder when (-55)/(-22) + -2 + 183/2 is divided by 48?
44
Suppose 1881*k - 1886*k = -125. What is the remainder when 646 is divided by k?
21
Suppose -4*l + 1600 = 964. Calculate the remainder when l is divided by 73.
13
Suppose 213*x = 209*x + 80. What is the remainder when 38 is divided by x?
18
Calculate the remainder when 195 is divided by 1/(1/192) + (-210)/70.
6
Let g(o) = -o**2 + 6*o + 11. What is the remainder when 40 is divided by g(6)?
7
Let a = 15 + 120. Calculate the remainder when 18 is divided by (-4)/(-18) - (-915)/a.
4
Suppose -12*f - 414 = -9*f. Calculate the remainder when (f - (0 + -4))*-1 is divided by 34.
32
Let q be (-1)/(-3)*(-2 - (-5 + 0)). Calculate the remainder when 16 is divided by (-12)/(q - -3) - 14*-1.
5
Suppose 4*s + 255 = 7*s. Let y = s - 57. Calculate the remainder when y is divided by 10.
8
Suppose 0 = n - 2, 0 = -2*f - 6*n + n + 36. What is the remainder when 726 is divided by f?
11
Suppose 7*r + 5 = 2*r, 0 = -2*m + 5*r - 17. Let k(f) = 7*f**2 + 3*f + 1. Let l be k(-2). Let j = m + l. Calculate the remainder when 22 is divided by j.
10
Let b = -15 + -11. Let t = b - 20. Let k = t + 71. Calculate the remainder when 47 is divided by k.
22
Suppose 0*g + 176 = 4*g. Let j = g + 18. What is the remainder when 122 is divided by j?
60
Let o = 109 + -53. Calculate the remainder when o is divided by 12.
8
Let a = 421 - 412. Calculate the remainder when 80 is divided by a.
8
Let z = 930 - 863. Calculate the remainder when 189 is divided by z.
55
Suppose 0 = -5*g + 25. Let u(t) = -g + 18*t + 0 - 23*t. Calculate the remainder when u(-8) is divided by 12.
11
Calculate the remainder when 81 is divided by (2/(-4))/(16/(-576)).
9
Let b(x) = 3*x**2 + 3*x - 3. Suppose 0 = -34*d + 56*d - 572. What is the remainder when d is divided by b(2)?
11
Let a = -14 + 18. Suppose 0*y + 63 = 5*n + y, a*y - 12 = 0. What is the remainder when (0 + -2)/2*-22 is divided by n?
10
Let s(d) = 2*d**2 - 15*d - 2. What is the remainder when s(12) is divided by 37?
32
Suppose 3*h - 13 = 14. Let w = 9 - h. Suppose w = 3*v - 4*f - 50, -3*v + v - f = -26. Calculate the remainder when 26 is divided by v.
12
Suppose 0 = 2*x + 7*x - 54. Suppose 0*s = 5*s - 15. Suppose -x = u - s*m + 6, -2*m - 2 = -4*u. What is the remainder when 3 is divided by u?
0
Suppose 2*s - 342 + 64 = 0. Let z = s - 129. Calculate the remainder when z is divided by 1.
0
Calculate the remainder when 222 is divided by -5*-5*4/20.
2
Calculate the remainder when 148 is divided by 1776/42 - (6 + (-280)/49).
22
Let s = 15 + -8. Suppose s*u - 2*u -